12*r. What is the tens digit of n(5)?
4
Let i = 49 - 92. Let b = i - -64. Suppose -31 = -2*t + g, -t - 3*g + b = -12. What is the units digit of t?
8
Suppose 38*b - 35*b - 35836 = -2*s, 5*b - 59734 = 4*s. What is the ten thousands digit of b?
1
Let u = -61354 + 96585. What is the ten thousands digit of u?
3
Let f(t) = -910*t - 114. Let i be f(-2). Let g = -226 + i. What is the thousands digit of g?
1
Let s(y) = 7*y + 3. Let z be s(0). Suppose 2*x - z = 19. What is the tens digit of x?
1
Let s(x) = 100*x**2 + 30*x - 57. Let o be (-25)/(-10) + (-1)/2. What is the tens digit of s(o)?
0
Let j be (-9)/(54/17540)*9/(-6). Suppose 8*a - 3*a - 5*c - j = 0, 5*c - 2591 = -3*a. What is the hundreds digit of a?
8
Let w(n) = -7*n - 4. Let i(x) = 1. Let d(q) = 6*i(q) - w(q). Suppose -134 = -32*b + 122. What is the tens digit of d(b)?
6
Let m(l) = l**3 + 12*l**2 - 4. Let p be m(-12). Let c = p - 16. What is the tens digit of 111/5*c/(-6)?
7
Let v = 212 + -6. Let s be (-12)/(-1) + (-139 - -233). Suppose -v = -2*m + s. What is the tens digit of m?
5
Suppose 430747 + 223465 = 59*m + 33*m. What is the units digit of m?
1
Let m = -10 - -26. Let t(s) = s**3 - 14*s**2 - 11*s - 10. What is the units digit of t(m)?
6
Suppose 2*y + 27272 = 4*o, 0 = -2*o - 10*y + 15*y + 13620. What is the hundreds digit of o?
8
Suppose 6005*v + 30197 = u + 6003*v, u - 30193 = -2*v. What is the tens digit of u?
9
Let q(a) = 70*a - 1. Let z be (7 - 6) + -1 + -3 + 0. Let r(n) = -n - 1. Let k be r(z). What is the tens digit of q(k)?
3
Let b = 220 + -217. Suppose b*t + 3*h = 582, -10 = 4*h - 18. What is the hundreds digit of t?
1
Let j be (256 - (-4 + -4)) + -4. Let w be 1/(-5) - 16855/(-25). Suppose 0 = 5*l - r - w, l + 2*r = -l + j. What is the tens digit of l?
3
Let q be (-411)/(-2)*(76/12 + -5). Let r = q - 124. What is the hundreds digit of r?
1
Let t(d) = -2*d**3 + 77*d**2 + 79*d + 309. What is the thousands digit of t(39)?
1
Let o = 248310 + -161289. What is the ten thousands digit of o?
8
Let z be 2/5 + (-20356)/(-10). Suppose 5*o - f = z, -o + 2*f = -147 - 262. What is the hundreds digit of o?
4
Let d be (2/(-6))/(32/(-148224)). What is the tens digit of (0 + 3)/(-8 - (-12360)/d)?
7
Let p(q) = 2765*q**3 - 9*q**2 + 16*q - 8. What is the units digit of p(1)?
4
Let y be -13 + 15 - 19*-1. Let w = -7 + y. Suppose -4*m + 3*s + 53 = w, -5*m = 2*s - 43. What is the units digit of m?
9
Suppose -59 = 4*n - 5*k, k - 82 = 5*n + 18. Let u(w) = 6*w**2 + 84*w + 13. What is the units digit of u(n)?
5
Let q = 84 + -18. Suppose 4*h + q = 3*l, l + 0*h = -2*h + 22. What is the units digit of ((-4)/3)/(-2)*(107 + l)?
6
Suppose 69 = 23*i - 20*i. Suppose 4*q = -2*t + 1310, -5*t + i*q = 20*q - 3223. What is the units digit of t?
7
Suppose -3*t + 13*d - 18*d = 22, 5*t - 5*d - 30 = 0. What is the units digit of 5 - (t/2 - (-1137)/(-6))?
4
Let q(v) be the third derivative of -v**4/8 - 7*v**3/3 - 6*v**2. Let t be q(-5). What is the tens digit of (4 - 0/t)/(40/460)?
4
Let q be (-4)/(-14) + (-254)/7. Let f be 2/(-9) - 44/q. Let w = 83 + f. What is the units digit of w?
4
Let c be 1*694*104/16. Suppose 11585 = 32*n - c. What is the units digit of n?
3
Let x = -109 - -113. Suppose -4*y = r + 55, 3*y + x*r = -10 - 28. Let v(u) = -2*u**2 - 39*u - 1. What is the hundreds digit of v(y)?
1
Let h(c) = 87*c + 8. Let b(t) = 86*t + 7. Let w(a) = -6*b(a) + 5*h(a). Let s be w(-3). Let r = s + -133. What is the tens digit of r?
0
Suppose 0 = -38*n + 49*n - 44. Suppose 0 = -n*h + o + 2667, -5*h - 3*o + 6*o = -3332. What is the tens digit of h?
6
Suppose 0*v - 5992 = -8*v. Suppose 140 - v = 3*x. Let d = -81 - x. What is the hundreds digit of d?
1
Let u = 25 - 33. Let r be 1220/6*-1 - u/(-12). What is the tens digit of r*-1*9/12?
5
Let n(r) = -r**2 + 8*r + 65. Let k be n(45). What is the tens digit of (-75)/(-4)*(k/(-30))/20?
5
Suppose -4*d + 25 = a, -5*a - 25 = -2*d - 3*d. Let x(c) = -c**3 + 14*c**2 - 35*c + 14. What is the tens digit of x(d)?
9
Let z = -50 - -91. Suppose 319 = -5*d - 3*p, 4*p = -d - 16 - z. What is the tens digit of 1 + -1 - (d + 1)?
6
Suppose 2*w + 21 = -0*n + 3*n, 2*w + n = -1. Let b be w/((-6)/(-8)*2). What is the units digit of (-97)/(-1) + (-20)/(-4) + b?
0
Let h(n) = 4626*n + 48. What is the tens digit of h(3)?
2
Suppose 104432 = 12*c + 2*c - 15828. What is the hundreds digit of c?
5
Suppose 4*k - 5*n = 30 + 49, -59 = -3*k + 4*n. What is the tens digit of 1055/7 - (-6)/k?
5
Let v = -5384 + 10049. What is the thousands digit of v?
4
Let r(g) be the third derivative of -g**5/60 + 19*g**4/24 + 7*g**3/3 - 479*g**2. Suppose 0 = -2*b + 7 + 17. What is the tens digit of r(b)?
9
Let n(t) = 18*t**2 - 2*t + 13. Suppose 12 = 5*r - 2*r. Let y be n(r). Let c = -208 + y. What is the tens digit of c?
8
Suppose 4*g - 1 = -3*p, 5*g - 2*p = 2*p + 9. Let z be (g/3)/(2/(-102)). What is the tens digit of (-1 - z/2)*352/33?
8
Let n be (-1 + 4/(-6))/((-6)/18). Suppose n*h - 132 = 98. Suppose -6*s + 290 = -h. What is the tens digit of s?
5
What is the hundreds digit of (-3)/((-180)/323164) + (-9)/135?
3
What is the tens digit of -3*22/6 + (23 - -5990)?
0
Suppose 0 = 2*d + 19*d - 304080. Suppose -21*g + g = -d. What is the hundreds digit of g?
7
Let b = 38270 - -39399. What is the hundreds digit of b?
6
Suppose i - 108 = -8*i. Suppose -o - 3 = i. What is the units digit of (-20)/(((-40)/o)/(-8))?
0
Let r be -8 + ((-2)/(-4))/(2/8). What is the hundreds digit of (2/3)/(r/9810*-5)?
2
Suppose 0 = 2*b - 7*b - 40. Let p be (17/(-2))/(4/b). Suppose -15*g + p*g = 148. What is the units digit of g?
4
Let o(r) = 311*r - 7. Suppose -4*n = -4*j + 16, 0*j + 3*j = -n + 4. Let x be o(n). What is the units digit of (-5)/(-35) - x/7?
0
Let m(f) = -5*f**3 - 9*f**2 - 7*f + 21. Let j(n) = -4*n**3 - 10*n**2 - 7*n + 20. Let u(h) = -6*j(h) + 5*m(h). What is the tens digit of u(15)?
9
Suppose 4*x + 245 = y, 3*x - 2*y = -x - 246. Let l = -56 - x. Suppose -l*k = 5, 3*k + k + 135 = m. What is the hundreds digit of m?
1
Let g = -75 + 77. Suppose -h + 109 = 3*z, -g*z + 0*z = -3*h - 91. Suppose 0 = -2*j + v + z, 5*j - 5*v - 3 = 92. What is the tens digit of j?
1
Suppose -15*x + 0*x = 0. Let p be x - 2/((-2)/387). Suppose -10*n + p + 863 = 0. What is the tens digit of n?
2
Suppose 3*u + 10 = 34. Suppose u*i = -7*i + 225. What is the hundreds digit of (-14 + i)*((144 - 2) + 0)?
1
Let o = 361 + -170. Suppose -4187 = -22*v + o. What is the units digit of v?
9
Let z be 4/(-14) + 237/21. Let s = 2884 + -2874. Suppose z*r - 27 = s*r. What is the tens digit of r?
2
Suppose 10*k + 4*o = 13*k - 12, -5*k + 3*o + 9 = 0. Suppose -11*r + 1822 - 348 = k. What is the hundreds digit of r?
1
Let o = -88 + 54. Suppose 1168 - 184 = 8*x. Let b = x + o. What is the units digit of b?
9
Let b(j) = 4*j + 24. Let d be b(-5). Suppose v = -d + 16. Suppose -4*o + 2640 = v*o. What is the hundreds digit of o?
1
Let d(w) = -37*w**3 - w**2 + 5*w + 2. Let i be d(-2). Let k = -151 + i. What is the hundreds digit of k?
1
Let y(o) = -o**3 - 8*o**2 + 3*o - 14. Let h be y(-10). Let m = h - 156. Suppose m*r = 5*b - 5*r - 660, -r = 5*b - 672. What is the tens digit of b?
3
Suppose -39*w + 129253 + 40904 = 0. What is the units digit of w?
3
Let x = 34337 + -24290. What is the units digit of x?
7
Let h = 7706 + 18048. What is the ten thousands digit of h?
2
Suppose 713163 = 30*g + 27*g - 24*g. What is the units digit of g?
1
Let c(l) = l**3 + l**2 - 4*l. Let b be c(-2). Suppose 6*r = -b*r - 400. Let t = 20 - r. What is the units digit of t?
0
Let s(c) = -11 + 6*c + 13 - c**3 - 8*c**2 + 6*c - 3*c. Let m be s(-9). What is the tens digit of (1/2)/(m/772)?
9
Let j(f) = 2*f + 14. Let l be j(-7). Suppose 5*b + l = -15. What is the tens digit of ((-4)/(-1))/(((-6)/11)/b)?
2
Let h be 2*(-9)/(-6) - (-21)/(-3). Let s be (-62)/(-1)*h/4. Let u = s - -117. What is the units digit of u?
5
Let i(m) = 5051*m**2 - 13*m + 25. What is the units digit of i(-2)?
5
Let g = -12773 + 21887. What is the thousands digit of g?
9
Let y(x) = 2*x + 36. Let d be y(-17). Suppose -d*i + 3123 = 5*c, 47*i + 1254 = 2*c + 49*i. What is the hundreds digit of c?
6
Let i(d) = 6*d**2 + 46*d + 5. Let v be i(-8). Suppose -3*t - n + 1670 - v = 0, -t + n + 555 = 0. What is the tens digit of t?
5
Let d(a) = 5*a**3 + 20*a**2 - 3*a - 6. Let i